{"id":2,"date":"2016-05-10T03:48:21","date_gmt":"2016-05-10T03:48:21","guid":{"rendered":"https:\/\/srv3.mgmt.schaeferservices.de\/development\/elsetalradweg.de\/?page_id=2"},"modified":"2021-08-28T00:08:44","modified_gmt":"2021-08-27T22:08:44","slug":"sample-page","status":"publish","type":"page","link":"https:\/\/elsetalradweg.de\/","title":{"rendered":""},"content":{"rendered":"\n<figure class=\"wp-block-embed aligncenter is-type-video is-provider-youtube wp-block-embed-youtube embedded-video wp-embed-aspect-4-3 wp-has-aspect-ratio\"><div class=\"wp-block-embed__wrapper\">\n<iframe loading=\"lazy\" title=\"Elsetalradweg: Plettenberg-Herscheid auf der alten Bahntrasse\" width=\"950\" height=\"534\" src=\"https:\/\/www.youtube.com\/embed\/sXql_Km9r7U?feature=oembed\" frameborder=\"0\" allow=\"accelerometer; autoplay; clipboard-write; encrypted-media; gyroscope; picture-in-picture\" allowfullscreen><\/iframe>\n<\/div><\/figure>\n\n\n\n<div class=\"wp-block-columns\">\n<div class=\"wp-block-column\" style=\"flex-basis:25%\"><\/div>\n\n\n\n<div class=\"wp-block-column\" style=\"flex-basis:50%\"><div class=\"kodex_buttons\" style=\"text-align:center;\"><button type=\"button\" class=\"kodex_button kodex_like_button\" data-id=\"2\" data-action=\"like\">\n\t\t\t<span class=\"icon\"><\/span><span class=\"text\">Super Idee!<\/span><span class=\"counter\">51<\/span><\/button><button type=\"button\" class=\"kodex_button kodex_dislike_button\" data-id=\"2\" data-action=\"dislike\">\n\t\t\t\t<span class=\"icon\"><\/span><span class=\"text\">Nicht so gut!<\/span><span class=\"counter\">2<\/span><\/button><input type=\"hidden\" id=\"nonce\" name=\"nonce\" value=\"d26f3aa517\" \/><input type=\"hidden\" name=\"_wp_http_referer\" value=\"\/index.php?rest_route=%2Fwp%2Fv2%2Fpages%2F2\" \/><\/div>\n<\/div>\n\n\n\n<div class=\"wp-block-column\" style=\"flex-basis:25%\"><div class=\"addtoany_shortcode\"><div class=\"a2a_kit a2a_kit_size_32 addtoany_list\" data-a2a-url=\"https:\/\/elsetalradweg.de\/\"><a class=\"a2a_button_facebook\" href=\"https:\/\/www.addtoany.com\/add_to\/facebook?linkurl=https%3A%2F%2Felsetalradweg.de%2F&amp;linkname=\" title=\"Facebook\" rel=\"nofollow noopener\" target=\"_blank\"><\/a><a class=\"a2a_button_whatsapp\" href=\"https:\/\/www.addtoany.com\/add_to\/whatsapp?linkurl=https%3A%2F%2Felsetalradweg.de%2F&amp;linkname=\" title=\"WhatsApp\" rel=\"nofollow noopener\" target=\"_blank\"><\/a><a class=\"a2a_button_facebook_messenger\" href=\"https:\/\/www.addtoany.com\/add_to\/facebook_messenger?linkurl=https%3A%2F%2Felsetalradweg.de%2F&amp;linkname=\" title=\"Messenger\" rel=\"nofollow noopener\" target=\"_blank\"><\/a><a class=\"a2a_button_telegram\" href=\"https:\/\/www.addtoany.com\/add_to\/telegram?linkurl=https%3A%2F%2Felsetalradweg.de%2F&amp;linkname=\" title=\"Telegram\" rel=\"nofollow noopener\" target=\"_blank\"><\/a><a class=\"a2a_button_twitter\" href=\"https:\/\/www.addtoany.com\/add_to\/twitter?linkurl=https%3A%2F%2Felsetalradweg.de%2F&amp;linkname=\" title=\"Twitter\" rel=\"nofollow noopener\" target=\"_blank\"><\/a><a class=\"a2a_button_email\" href=\"https:\/\/www.addtoany.com\/add_to\/email?linkurl=https%3A%2F%2Felsetalradweg.de%2F&amp;linkname=\" title=\"Email\" rel=\"nofollow noopener\" target=\"_blank\"><\/a><a class=\"a2a_button_copy_link\" href=\"https:\/\/www.addtoany.com\/add_to\/copy_link?linkurl=https%3A%2F%2Felsetalradweg.de%2F&amp;linkname=\" title=\"Copy Link\" rel=\"nofollow noopener\" target=\"_blank\"><\/a><\/div><\/div>\n<\/div>\n<\/div>\n\n\n\n<div style=\"height:20px\" aria-hidden=\"true\" class=\"wp-block-spacer\"><\/div>\n\n\n<ul id=\"better-recent-comments\" class=\"recent-comments-list with-avatars\"><li class=\"recentcomments recent-comment\"><div class=\"comment-wrap\" style=\"padding-left:63px; min-height:54px;\"><span class=\"comment-avatar\"><img alt='' src='https:\/\/secure.gravatar.com\/avatar\/498ccc918f867a6180abfeb1c31e4797?s=50&#038;d=mm&#038;r=g' srcset='https:\/\/secure.gravatar.com\/avatar\/498ccc918f867a6180abfeb1c31e4797?s=100&#038;d=mm&#038;r=g 2x' class='avatar avatar-50 photo' height='50' width='50' loading='lazy'\/><\/span> <span class=\"comment-author-link\">Daniel Lindner<\/span><br \/><span class=\"comment-date\">Montag, 03.04.2023<\/span><br \/><span class=\"comment-post\"><a href=\"https:\/\/elsetalradweg.de\/#comment-23\"><\/a><\/span> <span class=\"comment-excerpt\">Super Strecke. Aktuell etwas sehr zugewachsen.<\/span><\/div><\/li><li class=\"recentcomments recent-comment\"><div class=\"comment-wrap\" style=\"padding-left:63px; min-height:54px;\"><span class=\"comment-avatar\"><img alt='' src='https:\/\/secure.gravatar.com\/avatar\/856313d5c05dbbc2eaa0d4a9169a34cf?s=50&#038;d=mm&#038;r=g' srcset='https:\/\/secure.gravatar.com\/avatar\/856313d5c05dbbc2eaa0d4a9169a34cf?s=100&#038;d=mm&#038;r=g 2x' class='avatar avatar-50 photo' height='50' width='50' loading='lazy'\/><\/span> <span class=\"comment-author-link\">Katharina Rittinghaus<\/span><br \/><span class=\"comment-date\">Montag, 03.04.2023<\/span><br \/><span class=\"comment-post\"><a href=\"https:\/\/elsetalradweg.de\/#comment-22\"><\/a><\/span> <span class=\"comment-excerpt\">Dieses Projekt w\u00e4re ein Gewinn f\u00fcr die Stadt und die Region. Die Natur im Elsetal w\u00fcrde erhalten bleiben, sie ist auch ein St\u00fcck Naherholung f\u00fcr viele in Plettenberg.<\/span><\/div><\/li><li class=\"recentcomments recent-comment\"><div class=\"comment-wrap\" style=\"padding-left:63px; min-height:54px;\"><span class=\"comment-avatar\"><img alt='' src='https:\/\/secure.gravatar.com\/avatar\/fe88e538a97a704c4d6018430083eb87?s=50&#038;d=mm&#038;r=g' srcset='https:\/\/secure.gravatar.com\/avatar\/fe88e538a97a704c4d6018430083eb87?s=100&#038;d=mm&#038;r=g 2x' class='avatar avatar-50 photo' height='50' width='50' loading='lazy'\/><\/span> <span class=\"comment-author-link\">Martin Seuthe<\/span><br \/><span class=\"comment-date\">Sonntag, 02.04.2023<\/span><br \/><span class=\"comment-post\"><a href=\"https:\/\/elsetalradweg.de\/#comment-21\"><\/a><\/span> <span class=\"comment-excerpt\">Eine klasse Idee die man unterst\u00fctzen kann !<\/span><\/div><\/li><li class=\"recentcomments recent-comment\"><div class=\"comment-wrap\" style=\"padding-left:63px; min-height:54px;\"><span class=\"comment-avatar\"><img alt='' src='https:\/\/secure.gravatar.com\/avatar\/c3fff21f211814763fbece6553962f1e?s=50&#038;d=mm&#038;r=g' srcset='https:\/\/secure.gravatar.com\/avatar\/c3fff21f211814763fbece6553962f1e?s=100&#038;d=mm&#038;r=g 2x' class='avatar avatar-50 photo' height='50' width='50' loading='lazy'\/><\/span> <span class=\"comment-author-link\">Sebastian Rittner<\/span><br \/><span class=\"comment-date\">Montag, 16.01.2023<\/span><br \/><span class=\"comment-post\"><a href=\"https:\/\/elsetalradweg.de\/#comment-19\"><\/a><\/span> <span class=\"comment-excerpt\">Der Elsetalradweg ist DIE CHANCE, einen fast ebenen Radweg von der Lenne bis nach Herscheid zu bekommen. Und dar\u00fcber hinaus eine Super-Rad-Verbindung bis nach L\u00fcdenscheid. Das darf nicht verbaut werden.<\/span><\/div><\/li><li class=\"recentcomments recent-comment\"><div class=\"comment-wrap\" style=\"padding-left:63px; min-height:54px;\"><span class=\"comment-avatar\"><img alt='' src='https:\/\/secure.gravatar.com\/avatar\/9d80e16500e10f430b5fae2e87a54892?s=50&#038;d=mm&#038;r=g' srcset='https:\/\/secure.gravatar.com\/avatar\/9d80e16500e10f430b5fae2e87a54892?s=100&#038;d=mm&#038;r=g 2x' class='avatar avatar-50 photo' height='50' width='50' loading='lazy'\/><\/span> <span class=\"comment-author-link\">D.Rosendahl<\/span><br \/><span class=\"comment-date\">Freitag, 02.12.2022<\/span><br \/><span class=\"comment-post\"><a href=\"https:\/\/elsetalradweg.de\/#comment-17\"><\/a><\/span> <span class=\"comment-excerpt\">Hi! Es w\u00e4re sch\u00f6n wenn es eine Streckenbeschreibung g\u00e4be oder einen Komoot-Link ! Danke !<\/span><\/div><\/li><li class=\"recentcomments recent-comment\"><div class=\"comment-wrap\" style=\"padding-left:63px; min-height:54px;\"><span class=\"comment-avatar\"><img alt='' src='https:\/\/secure.gravatar.com\/avatar\/51ccea3a46eb9c4bde65b5bea73e5e55?s=50&#038;d=mm&#038;r=g' srcset='https:\/\/secure.gravatar.com\/avatar\/51ccea3a46eb9c4bde65b5bea73e5e55?s=100&#038;d=mm&#038;r=g 2x' class='avatar avatar-50 photo' height='50' width='50' loading='lazy'\/><\/span> <span class=\"comment-author-link\">Markus Krummenerl<\/span><br \/><span class=\"comment-date\">Freitag, 02.12.2022<\/span><br \/><span class=\"comment-post\"><a href=\"https:\/\/elsetalradweg.de\/#comment-16\"><\/a><\/span> <span class=\"comment-excerpt\">Ein interessantes und sch\u00f6nes Projekt &#8211; \u00fcber eine Realisierung w\u00fcrde ich mich freuen!<\/span><\/div><\/li><li class=\"recentcomments recent-comment\"><div class=\"comment-wrap\" style=\"padding-left:63px; min-height:54px;\"><span class=\"comment-avatar\"><img alt='' src='https:\/\/secure.gravatar.com\/avatar\/46aad26b13bcc9eba9709385b48274dd?s=50&#038;d=mm&#038;r=g' srcset='https:\/\/secure.gravatar.com\/avatar\/46aad26b13bcc9eba9709385b48274dd?s=100&#038;d=mm&#038;r=g 2x' class='avatar avatar-50 photo' height='50' width='50' loading='lazy'\/><\/span> <span class=\"comment-author-link\">Brigitte Hornig<\/span><br \/><span class=\"comment-date\">Donnerstag, 01.12.2022<\/span><br \/><span class=\"comment-post\"><a href=\"https:\/\/elsetalradweg.de\/#comment-15\"><\/a><\/span> <span class=\"comment-excerpt\">Auf der Suche nach \u201eAlleinstellungsmerkmalen\u201c f\u00fcr die Stadt Plettenberg wird man hier f\u00fcndig. Diese alte Bahntrasse in sch\u00f6nster Landschaft ist ein kleiner Schatz, einmalig, unersetzbar, unbedingt erhaltenswert, dabei kein reines Schaust\u00fcck, sondern als Radweg grade im Hinblick auf die geforderte Verkehrswende auch in Zukunft von hohem  Nutzen.<\/span><\/div><\/li><li class=\"recentcomments recent-comment\"><div class=\"comment-wrap\" style=\"padding-left:63px; min-height:54px;\"><span class=\"comment-avatar\"><img alt='' src='https:\/\/secure.gravatar.com\/avatar\/64bcc648e49dbe3795396626e1f11055?s=50&#038;d=mm&#038;r=g' srcset='https:\/\/secure.gravatar.com\/avatar\/64bcc648e49dbe3795396626e1f11055?s=100&#038;d=mm&#038;r=g 2x' class='avatar avatar-50 photo' height='50' width='50' loading='lazy'\/><\/span> <span class=\"comment-author-link\">Karsten Sch\u00e4fer<\/span><br \/><span class=\"comment-date\">Mittwoch, 30.11.2022<\/span><br \/><span class=\"comment-post\"><a href=\"https:\/\/elsetalradweg.de\/#comment-14\"><\/a><\/span> <span class=\"comment-excerpt\">Endlich k\u00f6nnen wir den Film online stellen, damit sich m\u00f6glichst viele von dieser tollen Vision eines interkommunalen Radweges von Plettenberg bis Herscheid auf der alten Bahntrasse ein Bild machen k\u00f6nnen. Noch sch\u00f6ner w\u00e4re es, wenn zum Fr\u00fchjahr 2023 die Strecke f\u00fcr Fu\u00dfg\u00e4nger, Wanderer und Radfahrer erlebbar gemacht w\u00fcrde. Gerne unterst\u00fctzen wir proaktiv diese gemeinsame Idee, freuen uns \u00fcber m\u00f6glichst viel Zuspruch und R\u00fcckmeldungen sowie einen \u201eDaumen hoch\u201c f\u00fcr diesen erstklassigen Film.<\/span><\/div><\/li><li class=\"recentcomments recent-comment\"><div class=\"comment-wrap\" style=\"padding-left:63px; min-height:54px;\"><span class=\"comment-avatar\"><img alt='' src='https:\/\/secure.gravatar.com\/avatar\/a7f24015cc8c2049e058d664a547a88b?s=50&#038;d=mm&#038;r=g' srcset='https:\/\/secure.gravatar.com\/avatar\/a7f24015cc8c2049e058d664a547a88b?s=100&#038;d=mm&#038;r=g 2x' class='avatar avatar-50 photo' height='50' width='50' loading='lazy'\/><\/span> <span class=\"comment-author-link\">Carsten Engel<\/span><br \/><span class=\"comment-date\">Samstag, 28.08.2021<\/span><br \/><span class=\"comment-post\"><a href=\"https:\/\/elsetalradweg.de\/#comment-11\"><\/a><\/span> <span class=\"comment-excerpt\">Eine sehr sch\u00f6ne und erlebnisreiche Strecke nach Herscheid. Es w\u00e4re sch\u00f6n, wenn diese gr\u00fcne Oase nicht einer Umgehungsstra\u00dfe zum Opfer f\u00e4llt und dieser Film dann in vielen Jahren mal als sch\u00f6ne Erinnerung an die damalige Perle des Elsetals \u00fcbrig bleibt. Der Tunnel w\u00e4re noch das passende Schmuckst\u00fcck f\u00fcr die Perle ! Ich hoffe, dass es irgendwann eine Umsetzung dieses Radweges gibt.<\/span><\/div><\/li><li class=\"recentcomments recent-comment\"><div class=\"comment-wrap\" style=\"padding-left:63px; min-height:54px;\"><span class=\"comment-avatar\"><img alt='' src='https:\/\/secure.gravatar.com\/avatar\/d489364353b7f27f4c36a4c2dde8f3dc?s=50&#038;d=mm&#038;r=g' srcset='https:\/\/secure.gravatar.com\/avatar\/d489364353b7f27f4c36a4c2dde8f3dc?s=100&#038;d=mm&#038;r=g 2x' class='avatar avatar-50 photo' height='50' width='50' loading='lazy'\/><\/span> <span class=\"comment-author-link\">Marcel Klopfer<\/span><br \/><span class=\"comment-date\">Freitag, 27.08.2021<\/span><br \/><span class=\"comment-post\"><a href=\"https:\/\/elsetalradweg.de\/#comment-10\"><\/a><\/span> <span class=\"comment-excerpt\">Eine sehr sch\u00f6ne Strecke die ich gerne in meiner MTB-Tour einbaue. Zum anderen fahr ich \u00f6fters mit meinen Kindern nach Herscheid zum Eis essen bzw. ins Schwimmbad und bin dabei froh keine gro\u00dfe Steigung und Verkehr zu haben.\r\nBeste Gr\u00fc\u00dfe&#8230;<\/span><\/div><\/li><\/ul>\n\n\n\n<div style=\"height:20px\" aria-hidden=\"true\" class=\"wp-block-spacer\"><\/div>\n\n\n\n<div class=\"kodex_buttons\" style=\"text-align:center;\"><button type=\"button\" class=\"kodex_button kodex_like_button\" data-id=\"2\" data-action=\"like\">\n\t\t\t<span class=\"icon\"><\/span><span class=\"text\">Super Idee!<\/span><span class=\"counter\">51<\/span><\/button><button type=\"button\" class=\"kodex_button kodex_dislike_button\" data-id=\"2\" data-action=\"dislike\">\n\t\t\t\t<span class=\"icon\"><\/span><span class=\"text\">Nicht so gut!<\/span><span class=\"counter\">2<\/span><\/button><input type=\"hidden\" id=\"nonce\" name=\"nonce\" value=\"d26f3aa517\" \/><input type=\"hidden\" name=\"_wp_http_referer\" value=\"\/index.php?rest_route=%2Fwp%2Fv2%2Fpages%2F2\" \/><\/div>\n<script>\ndocument.getElementsByClassName('custom-header-button')[0].addEventListener('click', function(e) {\ne.preventDefault();\ndocument.getElementById('scroll-to-content').click();\n});\nwindow.onload= function() {\nif( \/Android|webOS|iPhone|iPad|iPod|BlackBerry|IEMobile|Opera Mini\/i.test(navigator.userAgent) ) {\ndocument.getElementById('wp-custom-header-video').style.display =' none';\ndocument.getElementsByClassName('custom-header-media')[0].classList.add('custom-header-media-mobile');\nvar elems = document.querySelectorAll(\".wp-block-button__width-25\");\n[].forEach.call(elems, function(el) {\n    el.classList.remove(\"wp-block-button__width-25\");\n    el.classList.add(\"wp-block-button__width-50\");\n});\ndocument.getElementsByClassName('wp-block-group_articles')[0].style.padding = '20px';\n}\n}\nvar vid = document.getElementsByClassName('embedded-video')[0].getElementsByTagName('iframe')[0];\nvid.height = 1080;\nvid.width = 1920;\ndocument.getElementsByClassName('kodex_buttons')[1].style.display = 'none';\n<\/script>\n\n\n\n<p><\/p>\n","protected":false},"excerpt":{"rendered":"","protected":false},"author":1,"featured_media":0,"parent":0,"menu_order":0,"comment_status":"open","ping_status":"open","template":"","meta":[],"_links":{"self":[{"href":"https:\/\/elsetalradweg.de\/index.php?rest_route=\/wp\/v2\/pages\/2"}],"collection":[{"href":"https:\/\/elsetalradweg.de\/index.php?rest_route=\/wp\/v2\/pages"}],"about":[{"href":"https:\/\/elsetalradweg.de\/index.php?rest_route=\/wp\/v2\/types\/page"}],"author":[{"embeddable":true,"href":"https:\/\/elsetalradweg.de\/index.php?rest_route=\/wp\/v2\/users\/1"}],"replies":[{"embeddable":true,"href":"https:\/\/elsetalradweg.de\/index.php?rest_route=%2Fwp%2Fv2%2Fcomments&post=2"}],"version-history":[{"count":68,"href":"https:\/\/elsetalradweg.de\/index.php?rest_route=\/wp\/v2\/pages\/2\/revisions"}],"predecessor-version":[{"id":292,"href":"https:\/\/elsetalradweg.de\/index.php?rest_route=\/wp\/v2\/pages\/2\/revisions\/292"}],"wp:attachment":[{"href":"https:\/\/elsetalradweg.de\/index.php?rest_route=%2Fwp%2Fv2%2Fmedia&parent=2"}],"curies":[{"name":"wp","href":"https:\/\/api.w.org\/{rel}","templated":true}]}}